y 17?
9
Calculate the remainder when 538 is divided by 90.
88
Calculate the remainder when 696 is divided by 30.
6
What is the remainder when 447 is divided by 109?
11
What is the remainder when 6238 is divided by 80?
78
What is the remainder when 617 is divided by 62?
59
What is the remainder when 330 is divided by 83?
81
Calculate the remainder when 70 is divided by 28.
14
What is the remainder when 204 is divided by 38?
14
Calculate the remainder when 30 is divided by 3.
0
Calculate the remainder when 285 is divided by 29.
24
Calculate the remainder when 250 is divided by 28.
26
What is the remainder when 942 is divided by 27?
24
Calculate the remainder when 1822 is divided by 184.
166
What is the remainder when 504 is divided by 22?
20
Calculate the remainder when 78 is divided by 23.
9
Calculate the remainder when 130 is divided by 38.
16
What is the remainder when 674 is divided by 34?
28
Calculate the remainder when 97 is divided by 16.
1
Calculate the remainder when 1654 is divided by 5.
4
Calculate the remainder when 664 is divided by 26.
14
Calculate the remainder when 537 is divided by 468.
69
Calculate the remainder when 136 is divided by 34.
0
Calculate the remainder when 5368 is divided by 80.
8
Calculate the remainder when 1199 is divided by 40.
39
What is the remainder when 89 is divided by 53?
36
What is the remainder when 3792 is divided by 1896?
0
Calculate the remainder when 1611 is divided by 85.
81
What is the remainder when 157 is divided by 85?
72
What is the remainder when 339 is divided by 63?
24
Calculate the remainder when 837 is divided by 60.
57
Calculate the remainder when 251 is divided by 64.
59
What is the remainder when 143 is divided by 27?
8
What is the remainder when 489 is divided by 316?
173
What is the remainder when 52 is divided by 29?
23
Calculate the remainder when 52 is divided by 15.
7
Calculate the remainder when 960 is divided by 478.
4
Calculate the remainder when 97 is divided by 27.
16
What is the remainder when 148 is divided by 55?
38
What is the remainder when 201 is divided by 52?
45
What is the remainder when 1767 is divided by 253?
249
What is the remainder when 154 is divided by 18?
10
What is the remainder when 45 is divided by 7?
3
Calculate the remainder when 622 is divided by 78.
76
What is the remainder when 757 is divided by 19?
16
Calculate the remainder when 8980 is divided by 4487.
6
Calculate the remainder when 30264 is divided by 322.
318
What is the remainder when 520 is divided by 15?
10
Calculate the remainder when 162 is divided by 55.
52
Calculate the remainder when 40 is divided by 21.
19
What is the remainder when 1196 is divided by 1189?
7
Calculate the remainder when 324 is divided by 161.
2
Calculate the remainder when 264 is divided by 38.
36
Calculate the remainder when 40 is divided by 16.
8
What is the remainder when 305 is divided by 76?
1
What is the remainder when 431 is divided by 87?
83
Calculate the remainder when 713 is divided by 25.
13
What is the remainder when 2280 is divided by 18?
12
Calculate the remainder when 235 is divided by 226.
9
What is the remainder when 345 is divided by 70?
65
Calculate the remainder when 493 is divided by 45.
43
What is the remainder when 1397 is divided by 42?
11
What is the remainder when 1369 is divided by 92?
81
Calculate the remainder when 159 is divided by 9.
6
What is the remainder when 9382 is divided by 68?
66
Calculate the remainder when 73 is divided by 12.
1
Calculate the remainder when 403 is divided by 11.
7
What is the remainder when 1847 is divided by 56?
55
Calculate the remainder when 324 is divided by 162.
0
Calculate the remainder when 308 is divided by 91.
35
Calculate the remainder when 1143 is divided by 37.
33
Calculate the remainder when 689 is divided by 29.
22
Calculate the remainder when 686 is divided by 25.
11
Calculate the remainder when 3467 is divided by 16.
11
Calculate the remainder when 1667 is divided by 111.
2
What is the remainder when 5106 is divided by 18?
12
Calculate the remainder when 1117 is divided by 20.
17
What is the remainder when 484 is divided by 82?
74
Calculate the remainder when 84 is divided by 51.
33
What is the remainder when 36058 is divided by 12?
10
Calculate the remainder when 2006 is divided by 183.
176
What is the remainder when 135 is divided by 14?
9
Calculate the remainder when 139 is divided by 63.
13
What is the remainder when 10 is divided by 4?
2
Calculate the remainder when 48 is divided by 42.
6
What is the remainder when 16383 is divided by 512?
511
Calculate the remainder when 295 is divided by 61.
51
What is the remainder when 387 is divided by 100?
87
Calculate the remainder when 2176 is divided by 11.
9
What is the remainder when 1579 is divided by 22?
17
What is the remainder when 671 is divided by 3?
2
What is the remainder when 385 is divided by 191?
3
What is the remainder when 256 is divided by 90?
76
Calculate the remainder when 168 is divided by 19.
16
Calculate the remainder when 3767 is divided by 12.
11
What is the remainder when 34 is divided by 14?
6
Calculate the remainder when 1991 is divided by 29.
19
Calculate the remainder when 942 is divided by 7.
4
Calculate the remainder when 1924 is divided by 84.
76
Calculate the remainder when 6 is divided by 4.
2
What is the remainder when 99 is divided by 52?
47
Calculate the remainder when 424 is divided by 392.
32
Calculate the remainder when 547 is divided by 77.
8
Calculate the remainder when 279 is divided by 47.
44
What is the remainder when 213 is divided by 80?
53
Calculate the remainder when 1361 is divided by 11.
8
Calculate the remainder when 24515 is divided by 82.
79
Calculate the remainder when 578 is divided by 117.
110
What is the remainder when 9518 is divided by 35?
33
What is the remainder when 599 is divided by 67?
63
Calculate the remainder when 2760 is divided by 66.
54
Calculate the remainder when 1073 is divided by 24.
17
What is the remainder when 1784 is divided by 51?
50
Calculate the remainder when 1387 is divided by 13.
9
What is the remainder when 6657 is divided by 222?
219
Calculate the remainder when 1153 is divided by 65.
48
What is the remainder when 1058 is divided by 53?
51
Calculate the remainder when 457 is divided by 138.
43
What is the remainder when 41 is divided by 16?
9
Calculate the remainder when 82 is divided by 22.
16
Calculate the remainder when 374 is divided by 40.
14
What is the remainder when 57 is divided by 4?
1
What is the remainder when 152 is divided by 29?
7
What is the remainder when 98 is divided by 48?
2
Calculate the remainder when 125 is divided by 14.
13
What is the remainder when 85 is divided by 10?
5
Calculate the remainder when 1764 is divided by 862.
40
What is the remainder when 359 is divided by 20?
19
What is the remainder when 844 is divided by 3?
1
Calculate the remainder when 2834 is divided by 63.
62
Calculate the remainder when 5340 is divided by 3.
0
What is the remainder when 38 is divided by 15?
8
What is the remainder when 1948 is divided by 13?
11
What is the remainder when 198 is divided by 54?
36
Calculate the remainder when 1164 is divided by 195.
189
What is the remainder when 594 is divided by 13?
9
What is the remainder when 1191 is divided by 134?
119
Calculate the remainder when 468 is divided by 68.
60
Calculate the remainder when 655 is divided by 53.
19
What is the remainder when 5146 is divided by 79?
11
Calculate the remainder when 49 is divided by 25.
24
Calculate the remainder when 6322 is divided by 25.
22
Calculate the remainder when 4015 is divided by 21.
4
What is the remainder when 215 is divided by 30?
5
What is the remainder when 9842 is divided by 179?
176
What is the remainder when 264 is divided by 67?
63
Calculate the remainder when 1253 is divided by 9.
2
Calculate the remainder when 366 is divided by 7.
2
Calculate the remainder when 186 is divided by 27.
24
What is the remainder when 1952 is divided by 967?
18
Calculate the remainder when 6 is divided by 1.
0
What is the remainder when 4988 is divided by 47?
6
Calculate the remainder when 700 is divided by 54.
52
What is the remainder when 468 is divided by 273?
195
What is the remainder when 109 is divided by 30?
19
Wha